t) = t**2 + 2*t - 21. Determine q(0).
-21
Let x(u) = 4*u**2 + 16*u + 22. Give x(-2).
6
Let u(g) = g + 15. Give u(0).
15
Let p(l) = -l**3 - 34. What is p(0)?
-34
Let g(u) = -u**3 + 33*u**2 - 2*u + 72. Give g(33).
6
Let y(a) = -a**3 - 11*a**2 - 3*a + 44. Give y(-11).
77
Let h(j) = j**2 + 2*j - 21. Determine h(-7).
14
Let g(b) = -b**3 - 10*b**2 - 17*b + 8. Give g(-8).
16
Let h(x) = -89*x + 1. Give h(1).
-88
Let g(y) = -5*y**3 - 4*y**2 - 2*y. Give g(-2).
28
Let t(y) = -2*y**3 - 7*y**2 + 17*y + 15. Calculate t(-6).
93
Let x(p) = -p**3 + 49*p - 4. Give x(7).
-4
Let p(c) = c**3 + 6*c**2 + 9*c + 12. Give p(-5).
-8
Let x(s) = s**2 - 12*s + 31. Give x(11).
20
Let g(i) = 2*i + 2. What is g(-1)?
0
Let v(i) = -16*i - 121. Calculate v(-7).
-9
Let d(c) = -c**3 + c**2 - 56. Calculate d(0).
-56
Let q(p) = 5*p - 22. Calculate q(5).
3
Let p(i) = i**3 - 10*i**2 + 7*i - 15. Calculate p(10).
55
Let n(r) = -5*r**2 - 3*r + 1. Calculate n(-2).
-13
Let z(v) = v**2 + 3*v - 11. Give z(-5).
-1
Let h(a) = -a**3 + 5*a**2 - 5*a. What is h(4)?
-4
Let r(d) = 11*d - 61. What is r(6)?
5
Let c(p) = p**2 - 31*p + 203. Determine c(12).
-25
Let t(y) = 2*y - 21. Give t(7).
-7
Let l(n) = -8*n + 59. What is l(10)?
-21
Let d(o) = -o**3 + o**2 + 17*o - 2. What is d(4)?
18
Let q(t) = t + 19. What is q(-6)?
13
Let u(m) = -m**2 + 2*m + 6. Determine u(0).
6
Let c(u) = -4*u + 35. What is c(5)?
15
Let y(g) = -g**3 - 8*g**2 + 7*g + 10. Determine y(-7).
-88
Let x(h) = 12*h**2 + h - 1. What is x(2)?
49
Let w(s) = -s**3 + 10*s**2 + s. Give w(10).
10
Let o(z) = 3*z**3 - 18*z**2 + 9*z - 1. Determine o(6).
53
Let a(v) = -v**3 - 8*v**2 - 15*v - 4. Determine a(-5).
-4
Let o(l) = l**2 + 6*l - 2. Calculate o(-6).
-2
Let w(k) = -k**3 + k - 3. What is w(0)?
-3
Let l(q) = q**3 + 19*q**2 - 42*q - 2. Give l(-21).
-2
Let g(w) = -w**2 + 16*w - 20. Determine g(15).
-5
Let s(h) = -h**2 + 6*h + 48. Give s(10).
8
Let t(g) = -3*g**2 + 10*g + 7. Give t(10).
-193
Let w(f) = -f**3 + 11*f**2 - 7*f + 5. What is w(10)?
35
Let i(v) = 6*v - 2. Give i(-3).
-20
Let y(i) = -i**2 + 8*i + 27. Determine y(11).
-6
Let m(h) = -25*h**2 - 6*h - 4. What is m(-1)?
-23
Let c(n) = 2*n + 2. What is c(-2)?
-2
Let y(z) = -2*z**2 + 10*z - 6. Calculate y(5).
-6
Let k(r) = r**2 - 14*r + 14. Give k(11).
-19
Let w(q) = -q**3 - 10*q**2 - 7*q + 38. Determine w(-9).
20
Let r(p) = p + 30. Calculate r(3).
33
Let f(n) = n**2 + 4*n - 10. Calculate f(-9).
35
Let n(g) = 3*g - 6. Determine n(7).
15
Let m(a) = -a**2 + 3*a + 7. Calculate m(3).
7
Let t(n) = -9*n - 565. Give t(-64).
11
Let g(c) = c**2 + 11*c - 8. Calculate g(-9).
-26
Let d(w) = -7*w**3 + 3*w**2 + w. Determine d(-1).
9
Let q(p) = -4*p - 35. Calculate q(-10).
5
Let t(b) = -8*b - 34. Calculate t(-13).
70
Let z(c) = c**2 + 24*c + 25. Give z(-22).
-19
Let n(d) = 2*d**2 - d + 11. Calculate n(-4).
47
Let j(p) = 11*p**3 + p**2 + 3*p + 2. Determine j(-1).
-11
Let o(j) = j**3 + 5*j**2 + 3*j - 4. Calculate o(-4).
0
Let t(q) = 7*q**2 - 3*q + 3. Give t(2).
25
Let v(w) = -w**3 + 15*w**2 + 11*w + 7. Calculate v(16).
-73
Let g(t) = -2*t**2 + 2*t + 13. Give g(7).
-71
Let o(g) = -12*g + 1. Give o(-1).
13
Let f(z) = -z**3 + 12*z**2 - 5*z - 4. Calculate f(11).
62
Let t(u) = u**2 + 14*u - 22. Determine t(-18).
50
Let f(k) = -4*k - 9. Determine f(12).
-57
Let g(r) = -r**3 + 56*r**2 + 5. Determine g(56).
5
Let m(h) = -15*h + 7. Determine m(3).
-38
Let l(h) = h**2 + 2*h - 5. Calculate l(-5).
10
Let s(j) = -j**3 + j**2 - 3*j + 3. Calculate s(3).
-24
Let r(p) = 20*p**2 + 8*p + 9. Calculate r(-1).
21
Let f(u) = -u**3 + 18*u**2 - 33*u + 27. What is f(16)?
11
Let t(d) = 3*d**3 + 3*d**2 + d - 1. Give t(-2).
-15
Let s(b) = 2*b + 29. Give s(-21).
-13
Let h(r) = -18*r - 27. Calculate h(4).
-99
Let w(t) = -8*t - 24. Give w(-5).
16
Let r(a) = a**3 + a**2 - a - 2. Give r(0).
-2
Let k(x) = -2*x**2 - 3*x + 2. Give k(-3).
-7
Let x(a) = -2*a - 53. Give x(-14).
-25
Let c(t) = t**3 - 8*t**2 + 13*t - 6. Determine c(7).
36
Let h(a) = -a**3 - 37*a**2 - 101*a + 39. What is h(-34)?
5
Let g(c) = -17*c + 1. Determine g(6).
-101
Let p(z) = z**3 - 7*z**2 + 2*z - 17. Determine p(6).
-41
Let n(g) = -3*g**2 + g. What is n(0)?
0
Let v(u) = u**2 - 8*u - 59. Determine v(13).
6
Let o(y) = y - 12. Give o(12).
0
Let l(q) = q - 4. Calculate l(-3).
-7
Let k(v) = -v**2 + 19*v - 43. What is k(17)?
-9
Let w(n) = -12*n**2 + 2*n. Determine w(-1).
-14
Let f(u) = 16*u**2 - 6*u + 7. Give f(1).
17
Let b(p) = -p**2 - 4*p - 1. What is b(-6)?
-13
Let y(h) = 11*h**3 - 2*h**2 - 2*h + 3. Give y(2).
79
Let v(w) = w**3 - 31*w**2 - 64*w - 38. Give v(33).
28
Let x(p) = p**3 + 9*p**2 + 10*p + 11. Give x(-8).
-5
Let u(f) = f**3 - 23*f**2 + 24*f - 33. Give u(22).
11
Let n(d) = 7*d**3 - d**2 + d - 1. Give n(-2).
-63
Let c(p) = -p**3 - 15*p**2 - p. Calculate c(-15).
15
Let w(c) = 5*c - 37. Calculate w(8).
3
Let v(o) = 11*o**2 - o + 1. Give v(1).
11
Let m(w) = w**2 - 3*w - 17. What is m(-6)?
37
Let n(a) = -a**3 + 15*a**2 + 18*a - 21. Determine n(16).
11
Let n(o) = o**2 + 11*o - 11. What is n(-13)?
15
Let d(p) = 3*p**2 + 15*p + 8. Determine d(-5).
8
Let t(c) = -5*c + 93. Determine t(19).
-2
Let x(o) = -2*o + 4. Determine x(3).
-2
Let m(h) = h**2 - 2*h - 3. Determine m(3).
0
Let w(y) = y**3 - 16*y**2 - 37*y + 20. Give w(18).
2
Let m(w) = -w + 14. Determine m(-12).
26
Let x(p) = p**3 - 50*p**2 - 54*p + 149. What is x(51)?
-4
Let t(p) = -p**2 - 19*p - 106. What is t(-9)?
-16
Let a(g) = -9*g - 82. What is a(-15)?
53
Let h(u) = -8*u + 71. Give h(14).
-41
Let v(q) = -41*q + 80. What is v(2)?
-2
Let x(a) = -2*a**3 - 15*a**2 - 5*a - 3. Determine x(-7).
-17
Let b(k) = 5*k + 26. Give b(-4).
6
Let s(v) = 4*v + 2. Calculate s(-4).
-14
Let c(x) = 6*x + 80. Calculate c(-13).
2
Let d(q) = 3*q**2 + 19*q + 25. Determine d(-6).
19
Let m(h) = h - 7. What is m(-17)?
-24
Let y(o) = -o**2 - 10*o + 1. Calculate y(-9).
10
Let y(i) = -26*i + 845. Calculate y(32).
13
Let z(l) = -l**3 - 6*l**2 - 7*l - 14. What is z(-6)?
28
Let z(m) = m**3 + 4*m**2 + 2*m - 1. Determine z(-5).
-36
Let m(a) = -3*a**2 + 14*a - 7. Give m(7).
-56
Let j(v) = v**3 + 2*v**2 + v - 1. Give j(-2).
-3
Let l(n) = n + 12. Give l(-17).
-5
Let o(t) = 17*t + 31. What is o(-5)?
-54
Let t(p) = p - 5. Determine t(4).
-1
Let j(o) = o**2 + 5*o. Give j(-7).
14
Let o(q) = -q**2 - 2*q. What is o(7)?
-63
Let r(c) = -c**3 - 28*c**2 - 28*c - 18. Give r(-27).
9
Let r(j) = -j**3 - 5*j**2 - j - 1. What is r(-5)?
4
Let z(j) = 18*j - 35. Give z(-6).
-143
Let s(i) = -7*i**2 - 48*i + 9. What is s(-7)?
2
Let q(b) = -14*b - 112. What is q(-8)?
0
Let k(w) = -w**3 + 3*w**2 - 3*w - 4. Calculate k(2).
-6
Let d(l) = -18*l**2 - 2*l. What is d(-1)?
-16
Let s(d) = -8*d + 106. Determine s(11).
18
Let i(u) = -u**3 + u**2 - u - 2. What is i(2)?
-8
Let t(s) = 13*s**3 + s**2 - 2*s + 1. Determine t(1).
13
Let v(c) = -5*c + 163. What is v(26)?
33
Let l(o) = 2*o**3 - 11*o**2 + 10*o. What is l(4)?
-8
Let q(y) = 89*y + 3. Give q(1).
92
Let r(t) = 2*t**2 + t. What is r(-4)?
28
Let d(o) = -o**3 - 2*o - 5. Give d(0).
-5
Let w(l) = -l**2 + 3*l + 3. What is w(-5)?
-37
Let m(q) = -q**3 - 3*q**2 + 7*q + 21. Give m(-6).
87
Let u(k) = -2*k**2 + 26*k - 15. Calculate u(12).
9
Let p(x) = x**2 - 14*x + 32. Determine p(6).
-16
Let x(o) = -o**3 - 8*o**2 + 9*o - 7. Calculate x(-9).
-7
Let h(v) = -v**3 + 14*v**2 - 5*v + 21. Determine h(14).
-49
Let i(r) = r**3 - 3*r**2 - 10*r + 10. Calculate i(3).
-20
Let z(n) = n**2 - 4*n + 4. Calculate z(6).
16
Let l(y) = -y**3 + 7*y**2 - 7*y + 11. Calculate l(6).
5
Let b(u) = -u**3 + 3*u**2 + 7*u - 6. Give b(5).
-21
Let g(t) = 14*t - 87. Determine g(6).
-3
Let x(g) = 2*g**3 + 20*g**2 + 17*g - 5. Give x(-9).
4
Let u(g) = g**3 - g**2 - 4*g + 11. What is u(0)?
11
Let b(k) = -8*k + 58. Give b(8).
-6
Let z(u) = 32*u - 21. Give z(1).
11
Let w(a) = a**3 - 18*a**2 - 21*a. Determine w(19).
-38
Let g(h) = 2*h + 16. Determine g(-7).
2
Let q(g) = -5*g**2 + 30*g - 13. Give q(6).
-13
Let j(u) = 2*u + 9. Give j(13).
35
Let h(f) = f**2 - 13*f + 49. What is h(7)?
7
Let q(w) = 35*w + 319. Calculate q(-9).
4
Let v(z) = z**2 + 16*z + 38. What is v(-13)?
-1
Let d(b) = -2*b**3 - 6*b**2 + 11*b + 5. What is d(-4)?
-7
Let s(h) = 3*h**3 + h**2 - 4*h - 1. Calculate s(-3).
-61
Let n(q) = q**3 + q**2 - 18*q + 24. Give n(0).
24
Let n(g) = -g - 8. What is n(-4)?
-4
Let m(d) = -2*d**